{"id":904,"date":"2015-10-06T08:34:34","date_gmt":"2015-10-06T08:34:34","guid":{"rendered":"http:\/\/www.jeromejunod.ch\/?page_id=904"},"modified":"2021-09-19T18:07:52","modified_gmt":"2021-09-19T18:07:52","slug":"idomeneus","status":"publish","type":"page","link":"http:\/\/www.jeromejunod.ch\/?page_id=904","title":{"rendered":"Idomeneus"},"content":{"rendered":"<p>von Roland Schimmelpfennig<\/p>\n<p>Eine Koproduktion des Schauspielhaus Graz und der Kunstuniversit\u00e4t Graz<\/p>\n<p><em>Spiel<\/em>:<br \/>\nTala AL-DEEN<br \/>\nAmelie BAUER<br \/>\nSteffi BAUR<br \/>\nLena ENTEZAMI<br \/>\nJana FRANKE<br \/>\nCarmen STEINERT<br \/>\nDanijel GAVRILOVIC<br \/>\nKonstantin RICKERT<br \/>\nClemens Maria RIEGLER<br \/>\nPatrick SCHLEGEL<br \/>\nDaniel SCHMIDT<br \/>\nMichael ZEHENTNER<\/p>\n<p><em>B\u00fchne &amp; Kost\u00fcm:<\/em> Nathalie LUTZ<\/p>\n<p><em>Sound<\/em>: David LIPP<\/p>\n<p><em>Dramaturgie: <\/em>Karla M\u00c4DER<\/p>\n<p style=\"text-align: left;\">Premiere am 4. Oktober 2015, Schauspielhaus Graz<\/p>\n<p style=\"text-align: left;\"><a href=\"https:\/\/www.youtube.com\/watch?v=hOs2zzbMyVw\" target=\"_blank\" rel=\"noopener\">Trailer<\/a><\/p>\n<p style=\"text-align: center;\"><a href=\"http:\/\/www.jeromejunod.ch\/wordpress\/wp-content\/uploads\/2015\/10\/IDOMENEUS-Ensemble-c-Lupi-Spuma_HP_006.jpg\"><img loading=\"lazy\" decoding=\"async\" class=\"alignnone size-large wp-image-905\" src=\"http:\/\/www.jeromejunod.ch\/wordpress\/wp-content\/uploads\/2015\/10\/IDOMENEUS-Ensemble-c-Lupi-Spuma_HP_006-1024x682.jpg\" alt=\"IDOMENEUS Ensemble (c) Lupi Spuma_HP_006\" width=\"604\" height=\"402\" srcset=\"http:\/\/www.jeromejunod.ch\/wordpress\/wp-content\/uploads\/2015\/10\/IDOMENEUS-Ensemble-c-Lupi-Spuma_HP_006-1024x682.jpg 1024w, http:\/\/www.jeromejunod.ch\/wordpress\/wp-content\/uploads\/2015\/10\/IDOMENEUS-Ensemble-c-Lupi-Spuma_HP_006-300x200.jpg 300w, http:\/\/www.jeromejunod.ch\/wordpress\/wp-content\/uploads\/2015\/10\/IDOMENEUS-Ensemble-c-Lupi-Spuma_HP_006.jpg 1772w\" sizes=\"auto, (max-width: 604px) 100vw, 604px\" \/><\/a><\/p>\n<p><a href=\"http:\/\/www.jeromejunod.ch\/wordpress\/wp-content\/uploads\/2015\/10\/IDOMENEUS-Clemens-Maria-Riegler-Steffi-Baur-Carmen-Steinert-Michael-Hans-Zehentner-c-Lupi-Sp.jpg\"><img loading=\"lazy\" decoding=\"async\" class=\"alignnone size-large wp-image-908\" src=\"http:\/\/www.jeromejunod.ch\/wordpress\/wp-content\/uploads\/2015\/10\/IDOMENEUS-Clemens-Maria-Riegler-Steffi-Baur-Carmen-Steinert-Michael-Hans-Zehentner-c-Lupi-Sp-1024x682.jpg\" alt=\"IDOMENEUS Clemens Maria Riegler, Steffi Baur, Carmen Steinert, Michael Hans Zehentner (c) Lupi Sp\" width=\"604\" height=\"402\" srcset=\"http:\/\/www.jeromejunod.ch\/wordpress\/wp-content\/uploads\/2015\/10\/IDOMENEUS-Clemens-Maria-Riegler-Steffi-Baur-Carmen-Steinert-Michael-Hans-Zehentner-c-Lupi-Sp-1024x682.jpg 1024w, http:\/\/www.jeromejunod.ch\/wordpress\/wp-content\/uploads\/2015\/10\/IDOMENEUS-Clemens-Maria-Riegler-Steffi-Baur-Carmen-Steinert-Michael-Hans-Zehentner-c-Lupi-Sp-300x200.jpg 300w, http:\/\/www.jeromejunod.ch\/wordpress\/wp-content\/uploads\/2015\/10\/IDOMENEUS-Clemens-Maria-Riegler-Steffi-Baur-Carmen-Steinert-Michael-Hans-Zehentner-c-Lupi-Sp.jpg 1772w\" sizes=\"auto, (max-width: 604px) 100vw, 604px\" \/><\/a><\/p>\n<p><a href=\"http:\/\/www.jeromejunod.ch\/wordpress\/wp-content\/uploads\/2015\/10\/IDOMENEUS-Clemens-Maria-Riegler-Carmen-Steinert-c-Lupi-Spuma_HP_155.jpg\"><img loading=\"lazy\" decoding=\"async\" class=\"alignnone size-large wp-image-907\" src=\"http:\/\/www.jeromejunod.ch\/wordpress\/wp-content\/uploads\/2015\/10\/IDOMENEUS-Clemens-Maria-Riegler-Carmen-Steinert-c-Lupi-Spuma_HP_155-1024x683.jpg\" alt=\"IDOMENEUS Clemens Maria Riegler, Carmen Steinert (c) Lupi Spuma_HP_155\" width=\"604\" height=\"403\" srcset=\"http:\/\/www.jeromejunod.ch\/wordpress\/wp-content\/uploads\/2015\/10\/IDOMENEUS-Clemens-Maria-Riegler-Carmen-Steinert-c-Lupi-Spuma_HP_155-1024x683.jpg 1024w, http:\/\/www.jeromejunod.ch\/wordpress\/wp-content\/uploads\/2015\/10\/IDOMENEUS-Clemens-Maria-Riegler-Carmen-Steinert-c-Lupi-Spuma_HP_155-300x200.jpg 300w\" sizes=\"auto, (max-width: 604px) 100vw, 604px\" \/><\/a><\/p>\n<p><a href=\"http:\/\/www.jeromejunod.ch\/wordpress\/wp-content\/uploads\/2015\/10\/IDOMENEUS-Amelie-Bauer-Patrick-Schlegel-Clemens-Maria-Riegler-Steffi-Baur-Danijel-Gavrilovic.jpg\"><img loading=\"lazy\" decoding=\"async\" class=\"alignnone size-large wp-image-906\" src=\"http:\/\/www.jeromejunod.ch\/wordpress\/wp-content\/uploads\/2015\/10\/IDOMENEUS-Amelie-Bauer-Patrick-Schlegel-Clemens-Maria-Riegler-Steffi-Baur-Danijel-Gavrilovic-1024x682.jpg\" alt=\"IDOMENEUS Amelie Bauer, Patrick Schlegel, Clemens Maria Riegler, Steffi Baur, Danijel Gavrilovic\" width=\"604\" height=\"402\" srcset=\"http:\/\/www.jeromejunod.ch\/wordpress\/wp-content\/uploads\/2015\/10\/IDOMENEUS-Amelie-Bauer-Patrick-Schlegel-Clemens-Maria-Riegler-Steffi-Baur-Danijel-Gavrilovic-1024x682.jpg 1024w, http:\/\/www.jeromejunod.ch\/wordpress\/wp-content\/uploads\/2015\/10\/IDOMENEUS-Amelie-Bauer-Patrick-Schlegel-Clemens-Maria-Riegler-Steffi-Baur-Danijel-Gavrilovic-300x200.jpg 300w, http:\/\/www.jeromejunod.ch\/wordpress\/wp-content\/uploads\/2015\/10\/IDOMENEUS-Amelie-Bauer-Patrick-Schlegel-Clemens-Maria-Riegler-Steffi-Baur-Danijel-Gavrilovic.jpg 1772w\" sizes=\"auto, (max-width: 604px) 100vw, 604px\" \/><\/a><\/p>\n<p><a href=\"http:\/\/www.jeromejunod.ch\/wordpress\/wp-content\/uploads\/2015\/10\/IDOMENEUS-Patrick-Schlegel-Clemens-Maria-Riegler-Amelie-Bauer-Jana-Franke-c-Lupi-Spuma_HP_06.jpg\"><img loading=\"lazy\" decoding=\"async\" class=\"alignnone size-large wp-image-909\" src=\"http:\/\/www.jeromejunod.ch\/wordpress\/wp-content\/uploads\/2015\/10\/IDOMENEUS-Patrick-Schlegel-Clemens-Maria-Riegler-Amelie-Bauer-Jana-Franke-c-Lupi-Spuma_HP_06-1024x682.jpg\" alt=\"IDOMENEUS Patrick Schlegel, Clemens Maria Riegler, Amelie Bauer, Jana Franke (c) Lupi Spuma_HP_06\" width=\"604\" height=\"402\" srcset=\"http:\/\/www.jeromejunod.ch\/wordpress\/wp-content\/uploads\/2015\/10\/IDOMENEUS-Patrick-Schlegel-Clemens-Maria-Riegler-Amelie-Bauer-Jana-Franke-c-Lupi-Spuma_HP_06-1024x682.jpg 1024w, http:\/\/www.jeromejunod.ch\/wordpress\/wp-content\/uploads\/2015\/10\/IDOMENEUS-Patrick-Schlegel-Clemens-Maria-Riegler-Amelie-Bauer-Jana-Franke-c-Lupi-Spuma_HP_06-300x200.jpg 300w, http:\/\/www.jeromejunod.ch\/wordpress\/wp-content\/uploads\/2015\/10\/IDOMENEUS-Patrick-Schlegel-Clemens-Maria-Riegler-Amelie-Bauer-Jana-Franke-c-Lupi-Spuma_HP_06.jpg 1772w\" sizes=\"auto, (max-width: 604px) 100vw, 604px\" \/><\/a>(Fotos Lupi Spuma \u00a9 Schauspielhaus Graz)<\/p>\n","protected":false},"excerpt":{"rendered":"<p>von Roland Schimmelpfennig Eine Koproduktion des Schauspielhaus Graz und der Kunstuniversit\u00e4t Graz Spiel: Tala AL-DEEN Amelie BAUER Steffi BAUR Lena ENTEZAMI Jana FRANKE Carmen STEINERT Danijel GAVRILOVIC Konstantin RICKERT Clemens Maria RIEGLER Patrick SCHLEGEL Daniel SCHMIDT Michael ZEHENTNER B\u00fchne &amp; Kost\u00fcm: Nathalie LUTZ Sound: David LIPP Dramaturgie: Karla M\u00c4DER Premiere am 4. Oktober 2015, Schauspielhaus [&hellip;]<\/p>\n","protected":false},"author":1,"featured_media":0,"parent":2,"menu_order":27,"comment_status":"closed","ping_status":"closed","template":"","meta":{"footnotes":""},"class_list":["post-904","page","type-page","status-publish","hentry"],"_links":{"self":[{"href":"http:\/\/www.jeromejunod.ch\/index.php?rest_route=\/wp\/v2\/pages\/904","targetHints":{"allow":["GET"]}}],"collection":[{"href":"http:\/\/www.jeromejunod.ch\/index.php?rest_route=\/wp\/v2\/pages"}],"about":[{"href":"http:\/\/www.jeromejunod.ch\/index.php?rest_route=\/wp\/v2\/types\/page"}],"author":[{"embeddable":true,"href":"http:\/\/www.jeromejunod.ch\/index.php?rest_route=\/wp\/v2\/users\/1"}],"replies":[{"embeddable":true,"href":"http:\/\/www.jeromejunod.ch\/index.php?rest_route=%2Fwp%2Fv2%2Fcomments&post=904"}],"version-history":[{"count":3,"href":"http:\/\/www.jeromejunod.ch\/index.php?rest_route=\/wp\/v2\/pages\/904\/revisions"}],"predecessor-version":[{"id":2114,"href":"http:\/\/www.jeromejunod.ch\/index.php?rest_route=\/wp\/v2\/pages\/904\/revisions\/2114"}],"up":[{"embeddable":true,"href":"http:\/\/www.jeromejunod.ch\/index.php?rest_route=\/wp\/v2\/pages\/2"}],"wp:attachment":[{"href":"http:\/\/www.jeromejunod.ch\/index.php?rest_route=%2Fwp%2Fv2%2Fmedia&parent=904"}],"curies":[{"name":"wp","href":"https:\/\/api.w.org\/{rel}","templated":true}]}}

<p>von Roland Schimmelpfennig</p>
<p>Eine Koproduktion des Schauspielhaus Graz und der Kunstuniversität Graz</p>
<p><em>Spiel</em>:<br />
Tala AL-DEEN<br />
Amelie BAUER<br />
Steffi BAUR<br />
Lena ENTEZAMI<br />
Jana FRANKE<br />
Carmen STEINERT<br />
Danijel GAVRILOVIC<br />
Konstantin RICKERT<br />
Clemens Maria RIEGLER<br />
Patrick SCHLEGEL<br />
Daniel SCHMIDT<br />
Michael ZEHENTNER</p>
<p><em>Bühne &amp; Kostüm:</em> Nathalie LUTZ</p>
<p><em>Sound</em>: David LIPP</p>
<p><em>Dramaturgie: </em>Karla MÄDER</p>
<p style="text-align: left;">Premiere am 4. Oktober 2015, Schauspielhaus Graz</p>
<p style="text-align: left;"><a href="https://www.youtube.com/watch?v=hOs2zzbMyVw" target="_blank" rel="noopener">Trailer</a></p>
<p style="text-align: center;"><a href="http://www.jeromejunod.ch/wordpress/wp-content/uploads/2015/10/IDOMENEUS-Ensemble-c-Lupi-Spuma_HP_006.jpg"><img loading="lazy" decoding="async" class="alignnone size-large wp-image-905" src="http://www.jeromejunod.ch/wordpress/wp-content/uploads/2015/10/IDOMENEUS-Ensemble-c-Lupi-Spuma_HP_006-1024x682.jpg" alt="IDOMENEUS Ensemble (c) Lupi Spuma_HP_006" width="604" height="402" srcset="http://www.jeromejunod.ch/wordpress/wp-content/uploads/2015/10/IDOMENEUS-Ensemble-c-Lupi-Spuma_HP_006-1024x682.jpg 1024w, http://www.jeromejunod.ch/wordpress/wp-content/uploads/2015/10/IDOMENEUS-Ensemble-c-Lupi-Spuma_HP_006-300x200.jpg 300w, http://www.jeromejunod.ch/wordpress/wp-content/uploads/2015/10/IDOMENEUS-Ensemble-c-Lupi-Spuma_HP_006.jpg 1772w" sizes="auto, (max-width: 604px) 100vw, 604px" /></a></p>
<p><a href="http://www.jeromejunod.ch/wordpress/wp-content/uploads/2015/10/IDOMENEUS-Clemens-Maria-Riegler-Steffi-Baur-Carmen-Steinert-Michael-Hans-Zehentner-c-Lupi-Sp.jpg"><img loading="lazy" decoding="async" class="alignnone size-large wp-image-908" src="http://www.jeromejunod.ch/wordpress/wp-content/uploads/2015/10/IDOMENEUS-Clemens-Maria-Riegler-Steffi-Baur-Carmen-Steinert-Michael-Hans-Zehentner-c-Lupi-Sp-1024x682.jpg" alt="IDOMENEUS Clemens Maria Riegler, Steffi Baur, Carmen Steinert, Michael Hans Zehentner (c) Lupi Sp" width="604" height="402" srcset="http://www.jeromejunod.ch/wordpress/wp-content/uploads/2015/10/IDOMENEUS-Clemens-Maria-Riegler-Steffi-Baur-Carmen-Steinert-Michael-Hans-Zehentner-c-Lupi-Sp-1024x682.jpg 1024w, http://www.jeromejunod.ch/wordpress/wp-content/uploads/2015/10/IDOMENEUS-Clemens-Maria-Riegler-Steffi-Baur-Carmen-Steinert-Michael-Hans-Zehentner-c-Lupi-Sp-300x200.jpg 300w, http://www.jeromejunod.ch/wordpress/wp-content/uploads/2015/10/IDOMENEUS-Clemens-Maria-Riegler-Steffi-Baur-Carmen-Steinert-Michael-Hans-Zehentner-c-Lupi-Sp.jpg 1772w" sizes="auto, (max-width: 604px) 100vw, 604px" /></a></p>
<p><a href="http://www.jeromejunod.ch/wordpress/wp-content/uploads/2015/10/IDOMENEUS-Clemens-Maria-Riegler-Carmen-Steinert-c-Lupi-Spuma_HP_155.jpg"><img loading="lazy" decoding="async" class="alignnone size-large wp-image-907" src="http://www.jeromejunod.ch/wordpress/wp-content/uploads/2015/10/IDOMENEUS-Clemens-Maria-Riegler-Carmen-Steinert-c-Lupi-Spuma_HP_155-1024x683.jpg" alt="IDOMENEUS Clemens Maria Riegler, Carmen Steinert (c) Lupi Spuma_HP_155" width="604" height="403" srcset="http://www.jeromejunod.ch/wordpress/wp-content/uploads/2015/10/IDOMENEUS-Clemens-Maria-Riegler-Carmen-Steinert-c-Lupi-Spuma_HP_155-1024x683.jpg 1024w, http://www.jeromejunod.ch/wordpress/wp-content/uploads/2015/10/IDOMENEUS-Clemens-Maria-Riegler-Carmen-Steinert-c-Lupi-Spuma_HP_155-300x200.jpg 300w" sizes="auto, (max-width: 604px) 100vw, 604px" /></a></p>
<p><a href="http://www.jeromejunod.ch/wordpress/wp-content/uploads/2015/10/IDOMENEUS-Amelie-Bauer-Patrick-Schlegel-Clemens-Maria-Riegler-Steffi-Baur-Danijel-Gavrilovic.jpg"><img loading="lazy" decoding="async" class="alignnone size-large wp-image-906" src="http://www.jeromejunod.ch/wordpress/wp-content/uploads/2015/10/IDOMENEUS-Amelie-Bauer-Patrick-Schlegel-Clemens-Maria-Riegler-Steffi-Baur-Danijel-Gavrilovic-1024x682.jpg" alt="IDOMENEUS Amelie Bauer, Patrick Schlegel, Clemens Maria Riegler, Steffi Baur, Danijel Gavrilovic" width="604" height="402" srcset="http://www.jeromejunod.ch/wordpress/wp-content/uploads/2015/10/IDOMENEUS-Amelie-Bauer-Patrick-Schlegel-Clemens-Maria-Riegler-Steffi-Baur-Danijel-Gavrilovic-1024x682.jpg 1024w, http://www.jeromejunod.ch/wordpress/wp-content/uploads/2015/10/IDOMENEUS-Amelie-Bauer-Patrick-Schlegel-Clemens-Maria-Riegler-Steffi-Baur-Danijel-Gavrilovic-300x200.jpg 300w, http://www.jeromejunod.ch/wordpress/wp-content/uploads/2015/10/IDOMENEUS-Amelie-Bauer-Patrick-Schlegel-Clemens-Maria-Riegler-Steffi-Baur-Danijel-Gavrilovic.jpg 1772w" sizes="auto, (max-width: 604px) 100vw, 604px" /></a></p>
<p><a href="http://www.jeromejunod.ch/wordpress/wp-content/uploads/2015/10/IDOMENEUS-Patrick-Schlegel-Clemens-Maria-Riegler-Amelie-Bauer-Jana-Franke-c-Lupi-Spuma_HP_06.jpg"><img loading="lazy" decoding="async" class="alignnone size-large wp-image-909" src="http://www.jeromejunod.ch/wordpress/wp-content/uploads/2015/10/IDOMENEUS-Patrick-Schlegel-Clemens-Maria-Riegler-Amelie-Bauer-Jana-Franke-c-Lupi-Spuma_HP_06-1024x682.jpg" alt="IDOMENEUS Patrick Schlegel, Clemens Maria Riegler, Amelie Bauer, Jana Franke (c) Lupi Spuma_HP_06" width="604" height="402" srcset="http://www.jeromejunod.ch/wordpress/wp-content/uploads/2015/10/IDOMENEUS-Patrick-Schlegel-Clemens-Maria-Riegler-Amelie-Bauer-Jana-Franke-c-Lupi-Spuma_HP_06-1024x682.jpg 1024w, http://www.jeromejunod.ch/wordpress/wp-content/uploads/2015/10/IDOMENEUS-Patrick-Schlegel-Clemens-Maria-Riegler-Amelie-Bauer-Jana-Franke-c-Lupi-Spuma_HP_06-300x200.jpg 300w, http://www.jeromejunod.ch/wordpress/wp-content/uploads/2015/10/IDOMENEUS-Patrick-Schlegel-Clemens-Maria-Riegler-Amelie-Bauer-Jana-Franke-c-Lupi-Spuma_HP_06.jpg 1772w" sizes="auto, (max-width: 604px) 100vw, 604px" /></a>(Fotos Lupi Spuma © Schauspielhaus Graz)</p>

<p>von Roland Schimmelpfennig Eine Koproduktion des Schauspielhaus Graz und der Kunstuniversität Graz Spiel: Tala AL-DEEN Amelie BAUER Steffi BAUR Lena ENTEZAMI Jana FRANKE Carmen STEINERT Danijel GAVRILOVIC Konstantin RICKERT Clemens Maria RIEGLER Patrick SCHLEGEL Daniel SCHMIDT Michael ZEHENTNER Bühne &amp; Kostüm: Nathalie LUTZ Sound: David LIPP Dramaturgie: Karla MÄDER Premiere am 4. Oktober 2015, Schauspielhaus [&hellip;]</p>
