{"id":479,"date":"2015-01-27T08:46:29","date_gmt":"2015-01-27T08:46:29","guid":{"rendered":"http:\/\/www.jeromejunod.ch\/?page_id=479"},"modified":"2021-09-19T18:07:41","modified_gmt":"2021-09-19T18:07:41","slug":"la-voix-du-peuple","status":"publish","type":"page","link":"http:\/\/www.jeromejunod.ch\/?page_id=479","title":{"rendered":"La Voix du Peuple"},"content":{"rendered":"<p>de J\u00e9r\u00f4me Junod<br \/>\nd&#8217;apr\u00e8s le Courrier des lecteurs de &#8220;24 heures&#8221; (2004-2014)<\/p>\n<p><em>Jeu:<br \/>\n<\/em>Val\u00e9rie LIENGME<br \/>\nAnne-Catherine SAVOY<br \/>\nPeter PALASTHY<br \/>\nMathieu ZIEGLER<\/p>\n<p><em>D\u00e9cor:<\/em> Ga\u00ebl COCHAND<br \/>\n<em>Costumes:<\/em> Anna VON ZERBONI<br \/>\n<em> Lumi\u00e8res:<\/em> Michel JENZER<br \/>\n<em>Son:<\/em> Julien JUNOD<\/p>\n<p><em>Premi\u00e8re:<\/em> 27 janvier 2015 \u00e0 la Grange de Dorigny, Lausanne (CH)<\/p>\n<p><a title=\"Trailer &quot;La Voix du Peuple&quot;\" href=\"https:\/\/www.youtube.com\/watch?v=8n1rG0ub7kk\" target=\"_blank\" rel=\"noopener\">Trailer<\/a><a title=\"Teaser La Voix du Peuple\" href=\"https:\/\/www.youtube.com\/watch?v=8n1rG0ub7kk\" target=\"_blank\" rel=\"noopener\"><br \/>\nTeaser<\/a><br \/>\n<a title=\"Pr\u00e9sentation La Voix du Peuple (vid\u00e9o)\" href=\"https:\/\/www.youtube.com\/watch?v=-nFCZjboO2Q&amp;list=PLGLNN-KqKMrRhkyGyo6HzBseWY9riwwBG&amp;index=1\" target=\"_blank\" rel=\"noopener\">Pr\u00e9sentation vid\u00e9o<\/a> <a title=\"Pr\u00e9sentation La Voix du Peuple (article)\" href=\"http:\/\/www.debiteurs.ch\/wp-content\/uploads\/2015\/01\/24Heures-150126.pdf\" target=\"_blank\" rel=\"noopener\">(UNIL)<br \/>\n<\/a><a title=\"Pr\u00e9sentation 24 heures\" href=\"http:\/\/www.debiteurs.ch\/wp-content\/uploads\/2015\/02\/20150126_24heures.pdf\" target=\"_blank\" rel=\"noopener\">Pr\u00e9sentation (article)<\/a><br \/>\n<a title=\"Reportage La Voix du Peuple RTS\" href=\"http:\/\/www.rts.ch\/play\/tv\/le-19h30\/video\/une-piece-de-theatre-sinspire-du-courrier-des-lecteurs?id=6495298\" target=\"_blank\" rel=\"noopener\">Reportage (RTS)<\/a><\/p>\n<p style=\"text-align: center;\">\u00a0<a href=\"http:\/\/www.jeromejunod.ch\/wordpress\/wp-content\/uploads\/2015\/01\/VDP_CieD_24janvier_2-21.jpg\"><img loading=\"lazy\" decoding=\"async\" class=\"alignnone wp-image-671 size-large\" src=\"http:\/\/www.jeromejunod.ch\/wordpress\/wp-content\/uploads\/2015\/01\/VDP_CieD_24janvier_2-21-1024x678.jpg\" alt=\"La Voix du Peuple\" width=\"604\" height=\"400\" srcset=\"http:\/\/www.jeromejunod.ch\/wordpress\/wp-content\/uploads\/2015\/01\/VDP_CieD_24janvier_2-21-1024x678.jpg 1024w, http:\/\/www.jeromejunod.ch\/wordpress\/wp-content\/uploads\/2015\/01\/VDP_CieD_24janvier_2-21-300x199.jpg 300w\" sizes=\"auto, (max-width: 604px) 100vw, 604px\" \/><\/a><\/p>\n<p style=\"text-align: center;\"><a href=\"http:\/\/www.jeromejunod.ch\/wordpress\/wp-content\/uploads\/2015\/01\/VDP_CieD_24janvier_2-41.jpg\"><img loading=\"lazy\" decoding=\"async\" class=\"alignnone wp-image-670 size-large\" src=\"http:\/\/www.jeromejunod.ch\/wordpress\/wp-content\/uploads\/2015\/01\/VDP_CieD_24janvier_2-41-1024x678.jpg\" alt=\"La Voix du Peuple\" width=\"604\" height=\"400\" srcset=\"http:\/\/www.jeromejunod.ch\/wordpress\/wp-content\/uploads\/2015\/01\/VDP_CieD_24janvier_2-41-1024x678.jpg 1024w, http:\/\/www.jeromejunod.ch\/wordpress\/wp-content\/uploads\/2015\/01\/VDP_CieD_24janvier_2-41-300x199.jpg 300w\" sizes=\"auto, (max-width: 604px) 100vw, 604px\" \/><\/a><\/p>\n<p style=\"text-align: center;\"><a href=\"http:\/\/www.jeromejunod.ch\/wordpress\/wp-content\/uploads\/2015\/01\/VDP_CieD_24janvier_2-14.jpg\"><img loading=\"lazy\" decoding=\"async\" class=\"alignnone wp-image-668 size-large\" src=\"http:\/\/www.jeromejunod.ch\/wordpress\/wp-content\/uploads\/2015\/01\/VDP_CieD_24janvier_2-14-1024x678.jpg\" alt=\"La Voix du Peuple\" width=\"604\" height=\"400\" srcset=\"http:\/\/www.jeromejunod.ch\/wordpress\/wp-content\/uploads\/2015\/01\/VDP_CieD_24janvier_2-14-1024x678.jpg 1024w, http:\/\/www.jeromejunod.ch\/wordpress\/wp-content\/uploads\/2015\/01\/VDP_CieD_24janvier_2-14-300x199.jpg 300w\" sizes=\"auto, (max-width: 604px) 100vw, 604px\" \/><\/a><\/p>\n<p style=\"text-align: center;\"><a href=\"http:\/\/www.jeromejunod.ch\/wordpress\/wp-content\/uploads\/2015\/01\/VDP_CieD_24janvier_2-121.jpg\"><img loading=\"lazy\" decoding=\"async\" class=\"alignnone wp-image-669 size-large\" src=\"http:\/\/www.jeromejunod.ch\/wordpress\/wp-content\/uploads\/2015\/01\/VDP_CieD_24janvier_2-121-1024x678.jpg\" alt=\"La Voix du Peuple\" width=\"604\" height=\"400\" srcset=\"http:\/\/www.jeromejunod.ch\/wordpress\/wp-content\/uploads\/2015\/01\/VDP_CieD_24janvier_2-121-1024x678.jpg 1024w, http:\/\/www.jeromejunod.ch\/wordpress\/wp-content\/uploads\/2015\/01\/VDP_CieD_24janvier_2-121-300x199.jpg 300w\" sizes=\"auto, (max-width: 604px) 100vw, 604px\" \/><\/a><\/p>\n<p style=\"text-align: right;\"><a href=\"http:\/\/www.jeromejunod.ch\/wordpress\/wp-content\/uploads\/2015\/01\/VDP_CieD_24janvier_2-16.jpg\"><img loading=\"lazy\" decoding=\"async\" class=\"aligncenter wp-image-667 size-large\" src=\"http:\/\/www.jeromejunod.ch\/wordpress\/wp-content\/uploads\/2015\/01\/VDP_CieD_24janvier_2-16-1024x678.jpg\" alt=\"La Voix du Peuple\" width=\"604\" height=\"400\" srcset=\"http:\/\/www.jeromejunod.ch\/wordpress\/wp-content\/uploads\/2015\/01\/VDP_CieD_24janvier_2-16-1024x678.jpg 1024w, http:\/\/www.jeromejunod.ch\/wordpress\/wp-content\/uploads\/2015\/01\/VDP_CieD_24janvier_2-16-300x199.jpg 300w\" sizes=\"auto, (max-width: 604px) 100vw, 604px\" \/><\/a>(Photos L\u00e9andre Duggan)<\/p>\n","protected":false},"excerpt":{"rendered":"<p>de J\u00e9r\u00f4me Junod d&#8217;apr\u00e8s le Courrier des lecteurs de &#8220;24 heures&#8221; (2004-2014) Jeu: Val\u00e9rie LIENGME Anne-Catherine SAVOY Peter PALASTHY Mathieu ZIEGLER D\u00e9cor: Ga\u00ebl COCHAND Costumes: Anna VON ZERBONI Lumi\u00e8res: Michel JENZER Son: Julien JUNOD Premi\u00e8re: 27 janvier 2015 \u00e0 la Grange de Dorigny, Lausanne (CH) Trailer Teaser Pr\u00e9sentation vid\u00e9o (UNIL) Pr\u00e9sentation (article) Reportage (RTS) \u00a0 [&hellip;]<\/p>\n","protected":false},"author":1,"featured_media":0,"parent":2,"menu_order":29,"comment_status":"closed","ping_status":"closed","template":"","meta":{"footnotes":""},"class_list":["post-479","page","type-page","status-publish","hentry"],"_links":{"self":[{"href":"http:\/\/www.jeromejunod.ch\/index.php?rest_route=\/wp\/v2\/pages\/479","targetHints":{"allow":["GET"]}}],"collection":[{"href":"http:\/\/www.jeromejunod.ch\/index.php?rest_route=\/wp\/v2\/pages"}],"about":[{"href":"http:\/\/www.jeromejunod.ch\/index.php?rest_route=\/wp\/v2\/types\/page"}],"author":[{"embeddable":true,"href":"http:\/\/www.jeromejunod.ch\/index.php?rest_route=\/wp\/v2\/users\/1"}],"replies":[{"embeddable":true,"href":"http:\/\/www.jeromejunod.ch\/index.php?rest_route=%2Fwp%2Fv2%2Fcomments&post=479"}],"version-history":[{"count":61,"href":"http:\/\/www.jeromejunod.ch\/index.php?rest_route=\/wp\/v2\/pages\/479\/revisions"}],"predecessor-version":[{"id":2113,"href":"http:\/\/www.jeromejunod.ch\/index.php?rest_route=\/wp\/v2\/pages\/479\/revisions\/2113"}],"up":[{"embeddable":true,"href":"http:\/\/www.jeromejunod.ch\/index.php?rest_route=\/wp\/v2\/pages\/2"}],"wp:attachment":[{"href":"http:\/\/www.jeromejunod.ch\/index.php?rest_route=%2Fwp%2Fv2%2Fmedia&parent=479"}],"curies":[{"name":"wp","href":"https:\/\/api.w.org\/{rel}","templated":true}]}}