{"id":2121,"date":"2021-09-19T18:24:33","date_gmt":"2021-09-19T18:24:33","guid":{"rendered":"http:\/\/www.jeromejunod.ch\/?page_id=2121"},"modified":"2021-09-19T18:24:57","modified_gmt":"2021-09-19T18:24:57","slug":"nussschale","status":"publish","type":"page","link":"http:\/\/www.jeromejunod.ch\/?page_id=2121","title":{"rendered":"Nussschale"},"content":{"rendered":"\n<p>von Ian McEwan<\/p>\n\n\n\n<p><em>Trudy<\/em> : Nina C. GABRIEL<br><em>Me <\/em>: Flavio SCHILY<br><em>Claude <\/em>: Jens Ole SCHMIEDER<br><em>John Cairncross <\/em>: Martin SCHWANDA<br><em>Elodie <\/em>: Petra STADUAN<br><em>Chief Inspector Claire Allison<\/em> : Isabella WOLF<\/p>\n\n\n\n<p><em>Ko-Regie mit<\/em>\u00a0Anna Maria KRASSNIGG<br><br><em>Raum<\/em> :\u00a0Andreas LUNGENSCHMID<br><em>Kost\u00fcm<\/em> :\u00a0Antoaneta STEREVA<br><em>Film und Musik<\/em> :\u00a0Christian MAIR<br><em>Lichtdesign :<\/em> Lukas KALTENB\u00c4CK<br><em>Maske<\/em> : Henriette ZW\u00d6LFER<br><em>B\u00fchnenmeister<\/em> <em>:<\/em> Christoph W\u00d6LFLINGSEDER<br><em>Abendspielleitung <\/em>: Marie-Therese HANDLE-PFEIFFER<br><em>Dramaturgie :<\/em> Karl BARATTA<br><\/p>\n\n\n\n<p>Premiere am 15. September 2021,<strong> <\/strong>Kasematten Wiener Neustadt<\/p>\n\n\n\n<figure class=\"wp-block-image size-full\"><a href=\"http:\/\/www.jeromejunod.ch\/wordpress\/wp-content\/uploads\/2021\/09\/Nussschale-672A7092-c-Andrea-Klem-1-1024x683-1.jpeg\"><img loading=\"lazy\" decoding=\"async\" width=\"1024\" height=\"683\" src=\"http:\/\/www.jeromejunod.ch\/wordpress\/wp-content\/uploads\/2021\/09\/Nussschale-672A7092-c-Andrea-Klem-1-1024x683-1.jpeg\" alt=\"\" class=\"wp-image-2122\" srcset=\"http:\/\/www.jeromejunod.ch\/wordpress\/wp-content\/uploads\/2021\/09\/Nussschale-672A7092-c-Andrea-Klem-1-1024x683-1.jpeg 1024w, http:\/\/www.jeromejunod.ch\/wordpress\/wp-content\/uploads\/2021\/09\/Nussschale-672A7092-c-Andrea-Klem-1-1024x683-1-300x200.jpeg 300w, http:\/\/www.jeromejunod.ch\/wordpress\/wp-content\/uploads\/2021\/09\/Nussschale-672A7092-c-Andrea-Klem-1-1024x683-1-768x512.jpeg 768w\" sizes=\"auto, (max-width: 1024px) 100vw, 1024px\" \/><\/a><\/figure>\n\n\n\n<figure class=\"wp-block-image size-full\"><a href=\"http:\/\/www.jeromejunod.ch\/wordpress\/wp-content\/uploads\/2021\/09\/Nussschale-672A7250-c-Andrea-Klem-1-1024x683-1.jpeg\"><img loading=\"lazy\" decoding=\"async\" width=\"1024\" height=\"683\" src=\"http:\/\/www.jeromejunod.ch\/wordpress\/wp-content\/uploads\/2021\/09\/Nussschale-672A7250-c-Andrea-Klem-1-1024x683-1.jpeg\" alt=\"\" class=\"wp-image-2126\" srcset=\"http:\/\/www.jeromejunod.ch\/wordpress\/wp-content\/uploads\/2021\/09\/Nussschale-672A7250-c-Andrea-Klem-1-1024x683-1.jpeg 1024w, http:\/\/www.jeromejunod.ch\/wordpress\/wp-content\/uploads\/2021\/09\/Nussschale-672A7250-c-Andrea-Klem-1-1024x683-1-300x200.jpeg 300w, http:\/\/www.jeromejunod.ch\/wordpress\/wp-content\/uploads\/2021\/09\/Nussschale-672A7250-c-Andrea-Klem-1-1024x683-1-768x512.jpeg 768w\" sizes=\"auto, (max-width: 1024px) 100vw, 1024px\" \/><\/a><\/figure>\n\n\n\n<figure class=\"wp-block-image size-full\"><a href=\"http:\/\/www.jeromejunod.ch\/wordpress\/wp-content\/uploads\/2021\/09\/Nussschale-672A6981-c-Andrea-Klem-1-1024x683-1.jpeg\"><img loading=\"lazy\" decoding=\"async\" width=\"1024\" height=\"683\" src=\"http:\/\/www.jeromejunod.ch\/wordpress\/wp-content\/uploads\/2021\/09\/Nussschale-672A6981-c-Andrea-Klem-1-1024x683-1.jpeg\" alt=\"\" class=\"wp-image-2123\" srcset=\"http:\/\/www.jeromejunod.ch\/wordpress\/wp-content\/uploads\/2021\/09\/Nussschale-672A6981-c-Andrea-Klem-1-1024x683-1.jpeg 1024w, http:\/\/www.jeromejunod.ch\/wordpress\/wp-content\/uploads\/2021\/09\/Nussschale-672A6981-c-Andrea-Klem-1-1024x683-1-300x200.jpeg 300w, http:\/\/www.jeromejunod.ch\/wordpress\/wp-content\/uploads\/2021\/09\/Nussschale-672A6981-c-Andrea-Klem-1-1024x683-1-768x512.jpeg 768w\" sizes=\"auto, (max-width: 1024px) 100vw, 1024px\" \/><\/a><\/figure>\n\n\n\n<figure class=\"wp-block-image size-full\"><a href=\"http:\/\/www.jeromejunod.ch\/wordpress\/wp-content\/uploads\/2021\/09\/Nussschale-672A6943-c-Andrea-Klem-1-1024x683-1.jpeg\"><img loading=\"lazy\" decoding=\"async\" width=\"1024\" height=\"683\" src=\"http:\/\/www.jeromejunod.ch\/wordpress\/wp-content\/uploads\/2021\/09\/Nussschale-672A6943-c-Andrea-Klem-1-1024x683-1.jpeg\" alt=\"\" class=\"wp-image-2124\" srcset=\"http:\/\/www.jeromejunod.ch\/wordpress\/wp-content\/uploads\/2021\/09\/Nussschale-672A6943-c-Andrea-Klem-1-1024x683-1.jpeg 1024w, http:\/\/www.jeromejunod.ch\/wordpress\/wp-content\/uploads\/2021\/09\/Nussschale-672A6943-c-Andrea-Klem-1-1024x683-1-300x200.jpeg 300w, http:\/\/www.jeromejunod.ch\/wordpress\/wp-content\/uploads\/2021\/09\/Nussschale-672A6943-c-Andrea-Klem-1-1024x683-1-768x512.jpeg 768w\" sizes=\"auto, (max-width: 1024px) 100vw, 1024px\" \/><\/a><\/figure>\n\n\n\n<figure class=\"wp-block-image size-full\"><a href=\"http:\/\/www.jeromejunod.ch\/wordpress\/wp-content\/uploads\/2021\/09\/Nussschale-672A7112-c-Andrea-Klem-1-1024x683-1.jpeg\"><img loading=\"lazy\" decoding=\"async\" width=\"1024\" height=\"683\" src=\"http:\/\/www.jeromejunod.ch\/wordpress\/wp-content\/uploads\/2021\/09\/Nussschale-672A7112-c-Andrea-Klem-1-1024x683-1.jpeg\" alt=\"\" class=\"wp-image-2125\" srcset=\"http:\/\/www.jeromejunod.ch\/wordpress\/wp-content\/uploads\/2021\/09\/Nussschale-672A7112-c-Andrea-Klem-1-1024x683-1.jpeg 1024w, http:\/\/www.jeromejunod.ch\/wordpress\/wp-content\/uploads\/2021\/09\/Nussschale-672A7112-c-Andrea-Klem-1-1024x683-1-300x200.jpeg 300w, http:\/\/www.jeromejunod.ch\/wordpress\/wp-content\/uploads\/2021\/09\/Nussschale-672A7112-c-Andrea-Klem-1-1024x683-1-768x512.jpeg 768w\" sizes=\"auto, (max-width: 1024px) 100vw, 1024px\" \/><\/a><\/figure>\n\n\n\n<figure class=\"wp-block-image size-full\"><a href=\"http:\/\/www.jeromejunod.ch\/wordpress\/wp-content\/uploads\/2021\/09\/Nussschale-672A7262-c-Andrea-Klem-1-1024x683-1.jpeg\"><img loading=\"lazy\" decoding=\"async\" width=\"1024\" height=\"683\" src=\"http:\/\/www.jeromejunod.ch\/wordpress\/wp-content\/uploads\/2021\/09\/Nussschale-672A7262-c-Andrea-Klem-1-1024x683-1.jpeg\" alt=\"\" class=\"wp-image-2127\" srcset=\"http:\/\/www.jeromejunod.ch\/wordpress\/wp-content\/uploads\/2021\/09\/Nussschale-672A7262-c-Andrea-Klem-1-1024x683-1.jpeg 1024w, http:\/\/www.jeromejunod.ch\/wordpress\/wp-content\/uploads\/2021\/09\/Nussschale-672A7262-c-Andrea-Klem-1-1024x683-1-300x200.jpeg 300w, http:\/\/www.jeromejunod.ch\/wordpress\/wp-content\/uploads\/2021\/09\/Nussschale-672A7262-c-Andrea-Klem-1-1024x683-1-768x512.jpeg 768w\" sizes=\"auto, (max-width: 1024px) 100vw, 1024px\" \/><\/a><\/figure>\n\n\n\n<figure class=\"wp-block-image size-full\"><a href=\"http:\/\/www.jeromejunod.ch\/wordpress\/wp-content\/uploads\/2021\/09\/Nussschale-672A7023-c-Andrea-Klem-1-1024x683-1.jpeg\"><img decoding=\"async\" src=\"http:\/\/www.jeromejunod.ch\/wordpress\/wp-content\/uploads\/2021\/09\/Nussschale-672A7023-c-Andrea-Klem-1-1024x683-1.jpeg\" alt=\"\" class=\"wp-image-2128\"\/><\/a><figcaption>(Fotos Andrea Clem)<\/figcaption><\/figure>\n","protected":false},"excerpt":{"rendered":"<p>von Ian McEwan Trudy : Nina C. GABRIELMe : Flavio SCHILYClaude : Jens Ole SCHMIEDERJohn Cairncross : Martin SCHWANDAElodie : Petra STADUANChief Inspector Claire Allison : Isabella WOLF Ko-Regie mit\u00a0Anna Maria KRASSNIGG Raum :\u00a0Andreas LUNGENSCHMIDKost\u00fcm :\u00a0Antoaneta STEREVAFilm und Musik :\u00a0Christian MAIRLichtdesign : Lukas KALTENB\u00c4CKMaske : Henriette ZW\u00d6LFERB\u00fchnenmeister : Christoph W\u00d6LFLINGSEDERAbendspielleitung : Marie-Therese HANDLE-PFEIFFERDramaturgie : Karl [&hellip;]<\/p>\n","protected":false},"author":1,"featured_media":0,"parent":2,"menu_order":19,"comment_status":"closed","ping_status":"closed","template":"","meta":{"footnotes":""},"class_list":["post-2121","page","type-page","status-publish","hentry"],"_links":{"self":[{"href":"http:\/\/www.jeromejunod.ch\/index.php?rest_route=\/wp\/v2\/pages\/2121","targetHints":{"allow":["GET"]}}],"collection":[{"href":"http:\/\/www.jeromejunod.ch\/index.php?rest_route=\/wp\/v2\/pages"}],"about":[{"href":"http:\/\/www.jeromejunod.ch\/index.php?rest_route=\/wp\/v2\/types\/page"}],"author":[{"embeddable":true,"href":"http:\/\/www.jeromejunod.ch\/index.php?rest_route=\/wp\/v2\/users\/1"}],"replies":[{"embeddable":true,"href":"http:\/\/www.jeromejunod.ch\/index.php?rest_route=%2Fwp%2Fv2%2Fcomments&post=2121"}],"version-history":[{"count":2,"href":"http:\/\/www.jeromejunod.ch\/index.php?rest_route=\/wp\/v2\/pages\/2121\/revisions"}],"predecessor-version":[{"id":2130,"href":"http:\/\/www.jeromejunod.ch\/index.php?rest_route=\/wp\/v2\/pages\/2121\/revisions\/2130"}],"up":[{"embeddable":true,"href":"http:\/\/www.jeromejunod.ch\/index.php?rest_route=\/wp\/v2\/pages\/2"}],"wp:attachment":[{"href":"http:\/\/www.jeromejunod.ch\/index.php?rest_route=%2Fwp%2Fv2%2Fmedia&parent=2121"}],"curies":[{"name":"wp","href":"https:\/\/api.w.org\/{rel}","templated":true}]}}

<p>von Ian McEwan</p>



<p><em>Trudy</em> : Nina C. GABRIEL<br><em>Me </em>: Flavio SCHILY<br><em>Claude </em>: Jens Ole SCHMIEDER<br><em>John Cairncross </em>: Martin SCHWANDA<br><em>Elodie </em>: Petra STADUAN<br><em>Chief Inspector Claire Allison</em> : Isabella WOLF</p>



<p><em>Ko-Regie mit</em> Anna Maria KRASSNIGG<br><br><em>Raum</em> : Andreas LUNGENSCHMID<br><em>Kostüm</em> : Antoaneta STEREVA<br><em>Film und Musik</em> : Christian MAIR<br><em>Lichtdesign :</em> Lukas KALTENBÄCK<br><em>Maske</em> : Henriette ZWÖLFER<br><em>Bühnenmeister</em> <em>:</em> Christoph WÖLFLINGSEDER<br><em>Abendspielleitung </em>: Marie-Therese HANDLE-PFEIFFER<br><em>Dramaturgie :</em> Karl BARATTA<br></p>



<p>Premiere am 15. September 2021,<strong> </strong>Kasematten Wiener Neustadt</p>



<figure class="wp-block-image size-full"><a href="http://www.jeromejunod.ch/wordpress/wp-content/uploads/2021/09/Nussschale-672A7092-c-Andrea-Klem-1-1024x683-1.jpeg"><img loading="lazy" decoding="async" width="1024" height="683" src="http://www.jeromejunod.ch/wordpress/wp-content/uploads/2021/09/Nussschale-672A7092-c-Andrea-Klem-1-1024x683-1.jpeg" alt="" class="wp-image-2122" srcset="http://www.jeromejunod.ch/wordpress/wp-content/uploads/2021/09/Nussschale-672A7092-c-Andrea-Klem-1-1024x683-1.jpeg 1024w, http://www.jeromejunod.ch/wordpress/wp-content/uploads/2021/09/Nussschale-672A7092-c-Andrea-Klem-1-1024x683-1-300x200.jpeg 300w, http://www.jeromejunod.ch/wordpress/wp-content/uploads/2021/09/Nussschale-672A7092-c-Andrea-Klem-1-1024x683-1-768x512.jpeg 768w" sizes="auto, (max-width: 1024px) 100vw, 1024px" /></a></figure>



<figure class="wp-block-image size-full"><a href="http://www.jeromejunod.ch/wordpress/wp-content/uploads/2021/09/Nussschale-672A7250-c-Andrea-Klem-1-1024x683-1.jpeg"><img loading="lazy" decoding="async" width="1024" height="683" src="http://www.jeromejunod.ch/wordpress/wp-content/uploads/2021/09/Nussschale-672A7250-c-Andrea-Klem-1-1024x683-1.jpeg" alt="" class="wp-image-2126" srcset="http://www.jeromejunod.ch/wordpress/wp-content/uploads/2021/09/Nussschale-672A7250-c-Andrea-Klem-1-1024x683-1.jpeg 1024w, http://www.jeromejunod.ch/wordpress/wp-content/uploads/2021/09/Nussschale-672A7250-c-Andrea-Klem-1-1024x683-1-300x200.jpeg 300w, http://www.jeromejunod.ch/wordpress/wp-content/uploads/2021/09/Nussschale-672A7250-c-Andrea-Klem-1-1024x683-1-768x512.jpeg 768w" sizes="auto, (max-width: 1024px) 100vw, 1024px" /></a></figure>



<figure class="wp-block-image size-full"><a href="http://www.jeromejunod.ch/wordpress/wp-content/uploads/2021/09/Nussschale-672A6981-c-Andrea-Klem-1-1024x683-1.jpeg"><img loading="lazy" decoding="async" width="1024" height="683" src="http://www.jeromejunod.ch/wordpress/wp-content/uploads/2021/09/Nussschale-672A6981-c-Andrea-Klem-1-1024x683-1.jpeg" alt="" class="wp-image-2123" srcset="http://www.jeromejunod.ch/wordpress/wp-content/uploads/2021/09/Nussschale-672A6981-c-Andrea-Klem-1-1024x683-1.jpeg 1024w, http://www.jeromejunod.ch/wordpress/wp-content/uploads/2021/09/Nussschale-672A6981-c-Andrea-Klem-1-1024x683-1-300x200.jpeg 300w, http://www.jeromejunod.ch/wordpress/wp-content/uploads/2021/09/Nussschale-672A6981-c-Andrea-Klem-1-1024x683-1-768x512.jpeg 768w" sizes="auto, (max-width: 1024px) 100vw, 1024px" /></a></figure>



<figure class="wp-block-image size-full"><a href="http://www.jeromejunod.ch/wordpress/wp-content/uploads/2021/09/Nussschale-672A6943-c-Andrea-Klem-1-1024x683-1.jpeg"><img loading="lazy" decoding="async" width="1024" height="683" src="http://www.jeromejunod.ch/wordpress/wp-content/uploads/2021/09/Nussschale-672A6943-c-Andrea-Klem-1-1024x683-1.jpeg" alt="" class="wp-image-2124" srcset="http://www.jeromejunod.ch/wordpress/wp-content/uploads/2021/09/Nussschale-672A6943-c-Andrea-Klem-1-1024x683-1.jpeg 1024w, http://www.jeromejunod.ch/wordpress/wp-content/uploads/2021/09/Nussschale-672A6943-c-Andrea-Klem-1-1024x683-1-300x200.jpeg 300w, http://www.jeromejunod.ch/wordpress/wp-content/uploads/2021/09/Nussschale-672A6943-c-Andrea-Klem-1-1024x683-1-768x512.jpeg 768w" sizes="auto, (max-width: 1024px) 100vw, 1024px" /></a></figure>



<figure class="wp-block-image size-full"><a href="http://www.jeromejunod.ch/wordpress/wp-content/uploads/2021/09/Nussschale-672A7112-c-Andrea-Klem-1-1024x683-1.jpeg"><img loading="lazy" decoding="async" width="1024" height="683" src="http://www.jeromejunod.ch/wordpress/wp-content/uploads/2021/09/Nussschale-672A7112-c-Andrea-Klem-1-1024x683-1.jpeg" alt="" class="wp-image-2125" srcset="http://www.jeromejunod.ch/wordpress/wp-content/uploads/2021/09/Nussschale-672A7112-c-Andrea-Klem-1-1024x683-1.jpeg 1024w, http://www.jeromejunod.ch/wordpress/wp-content/uploads/2021/09/Nussschale-672A7112-c-Andrea-Klem-1-1024x683-1-300x200.jpeg 300w, http://www.jeromejunod.ch/wordpress/wp-content/uploads/2021/09/Nussschale-672A7112-c-Andrea-Klem-1-1024x683-1-768x512.jpeg 768w" sizes="auto, (max-width: 1024px) 100vw, 1024px" /></a></figure>



<figure class="wp-block-image size-full"><a href="http://www.jeromejunod.ch/wordpress/wp-content/uploads/2021/09/Nussschale-672A7262-c-Andrea-Klem-1-1024x683-1.jpeg"><img loading="lazy" decoding="async" width="1024" height="683" src="http://www.jeromejunod.ch/wordpress/wp-content/uploads/2021/09/Nussschale-672A7262-c-Andrea-Klem-1-1024x683-1.jpeg" alt="" class="wp-image-2127" srcset="http://www.jeromejunod.ch/wordpress/wp-content/uploads/2021/09/Nussschale-672A7262-c-Andrea-Klem-1-1024x683-1.jpeg 1024w, http://www.jeromejunod.ch/wordpress/wp-content/uploads/2021/09/Nussschale-672A7262-c-Andrea-Klem-1-1024x683-1-300x200.jpeg 300w, http://www.jeromejunod.ch/wordpress/wp-content/uploads/2021/09/Nussschale-672A7262-c-Andrea-Klem-1-1024x683-1-768x512.jpeg 768w" sizes="auto, (max-width: 1024px) 100vw, 1024px" /></a></figure>



<figure class="wp-block-image size-full"><a href="http://www.jeromejunod.ch/wordpress/wp-content/uploads/2021/09/Nussschale-672A7023-c-Andrea-Klem-1-1024x683-1.jpeg"><img decoding="async" src="http://www.jeromejunod.ch/wordpress/wp-content/uploads/2021/09/Nussschale-672A7023-c-Andrea-Klem-1-1024x683-1.jpeg" alt="" class="wp-image-2128"/></a><figcaption>(Fotos Andrea Clem)</figcaption></figure>

<p>von Ian McEwan Trudy : Nina C. GABRIELMe : Flavio SCHILYClaude : Jens Ole SCHMIEDERJohn Cairncross : Martin SCHWANDAElodie : Petra STADUANChief Inspector Claire Allison : Isabella WOLF Ko-Regie mit Anna Maria KRASSNIGG Raum : Andreas LUNGENSCHMIDKostüm : Antoaneta STEREVAFilm und Musik : Christian MAIRLichtdesign : Lukas KALTENBÄCKMaske : Henriette ZWÖLFERBühnenmeister : Christoph WÖLFLINGSEDERAbendspielleitung : Marie-Therese HANDLE-PFEIFFERDramaturgie : Karl [&hellip;]</p>
