{"id":1647,"date":"2018-08-09T12:47:46","date_gmt":"2018-08-09T12:47:46","guid":{"rendered":"http:\/\/www.jeromejunod.ch\/?page_id=1647"},"modified":"2021-09-19T18:08:17","modified_gmt":"2021-09-19T18:08:17","slug":"am-vorabend","status":"publish","type":"page","link":"http:\/\/www.jeromejunod.ch\/?page_id=1647","title":{"rendered":"Am Vorabend"},"content":{"rendered":"<p>von Theodora Bauer<\/p>\n<p><em>Felix Kainmann<\/em>: Daniel F. KAMEN<br \/>\n<em>Inspektor Brigl<\/em>: Martin SCHWANDA<br \/>\n<em>Katharina<\/em>: Petra STADUAN<br \/>\n<em>Gr\u00e4fin Carn\u00e9-Teguski<\/em>: Doina WEBER<\/p>\n<p><em>B\u00fchne<\/em>: Lydia HOFMANN<br \/>\n<em>Kost\u00fcme<\/em>: Antoaneta STEREVA<br \/>\n<em>Musik<\/em>: Christian MAIR<br \/>\n<em>Licht<\/em>: Lukas KALTENB\u00c4CK<br \/>\n<em>Assistenz<\/em>: Marie-Therese HANDLE-PFEIFFER<\/p>\n<p>Premiere am 9. August 2018, Thalhof Wortwiege, Reichenau an der Rax<\/p>\n<p>&nbsp;<\/p>\n<p><a href=\"http:\/\/www.jeromejunod.ch\/wordpress\/wp-content\/uploads\/2018\/08\/Am-Vorabend-461-c-Barbara-Palffy.jpg\"><img loading=\"lazy\" decoding=\"async\" class=\"size-large wp-image-1650\" src=\"http:\/\/www.jeromejunod.ch\/wordpress\/wp-content\/uploads\/2018\/08\/Am-Vorabend-461-c-Barbara-Palffy-1024x682.jpg\" alt=\"\" width=\"604\" height=\"402\" srcset=\"http:\/\/www.jeromejunod.ch\/wordpress\/wp-content\/uploads\/2018\/08\/Am-Vorabend-461-c-Barbara-Palffy-1024x682.jpg 1024w, http:\/\/www.jeromejunod.ch\/wordpress\/wp-content\/uploads\/2018\/08\/Am-Vorabend-461-c-Barbara-Palffy-300x200.jpg 300w, http:\/\/www.jeromejunod.ch\/wordpress\/wp-content\/uploads\/2018\/08\/Am-Vorabend-461-c-Barbara-Palffy-768x512.jpg 768w, http:\/\/www.jeromejunod.ch\/wordpress\/wp-content\/uploads\/2018\/08\/Am-Vorabend-461-c-Barbara-Palffy.jpg 1280w\" sizes=\"auto, (max-width: 604px) 100vw, 604px\" \/><\/a><\/p>\n<p><a href=\"http:\/\/www.jeromejunod.ch\/wordpress\/wp-content\/uploads\/2018\/08\/Am-Vorabend-514-c-Barbara-Palffy.jpg\"><img loading=\"lazy\" decoding=\"async\" class=\"size-large wp-image-1654\" src=\"http:\/\/www.jeromejunod.ch\/wordpress\/wp-content\/uploads\/2018\/08\/Am-Vorabend-514-c-Barbara-Palffy-1024x682.jpg\" alt=\"\" width=\"604\" height=\"402\" srcset=\"http:\/\/www.jeromejunod.ch\/wordpress\/wp-content\/uploads\/2018\/08\/Am-Vorabend-514-c-Barbara-Palffy-1024x682.jpg 1024w, http:\/\/www.jeromejunod.ch\/wordpress\/wp-content\/uploads\/2018\/08\/Am-Vorabend-514-c-Barbara-Palffy-300x200.jpg 300w, http:\/\/www.jeromejunod.ch\/wordpress\/wp-content\/uploads\/2018\/08\/Am-Vorabend-514-c-Barbara-Palffy-768x512.jpg 768w, http:\/\/www.jeromejunod.ch\/wordpress\/wp-content\/uploads\/2018\/08\/Am-Vorabend-514-c-Barbara-Palffy.jpg 1280w\" sizes=\"auto, (max-width: 604px) 100vw, 604px\" \/><\/a><\/p>\n<p><a href=\"http:\/\/www.jeromejunod.ch\/wordpress\/wp-content\/uploads\/2018\/08\/Am-Vorabend-776-c-Barbara-Palffy.jpg\"><img loading=\"lazy\" decoding=\"async\" class=\"size-large wp-image-1652\" src=\"http:\/\/www.jeromejunod.ch\/wordpress\/wp-content\/uploads\/2018\/08\/Am-Vorabend-776-c-Barbara-Palffy-1024x682.jpg\" alt=\"\" width=\"604\" height=\"402\" srcset=\"http:\/\/www.jeromejunod.ch\/wordpress\/wp-content\/uploads\/2018\/08\/Am-Vorabend-776-c-Barbara-Palffy-1024x682.jpg 1024w, http:\/\/www.jeromejunod.ch\/wordpress\/wp-content\/uploads\/2018\/08\/Am-Vorabend-776-c-Barbara-Palffy-300x200.jpg 300w, http:\/\/www.jeromejunod.ch\/wordpress\/wp-content\/uploads\/2018\/08\/Am-Vorabend-776-c-Barbara-Palffy-768x512.jpg 768w, http:\/\/www.jeromejunod.ch\/wordpress\/wp-content\/uploads\/2018\/08\/Am-Vorabend-776-c-Barbara-Palffy.jpg 1280w\" sizes=\"auto, (max-width: 604px) 100vw, 604px\" \/><\/a><\/p>\n<p style=\"text-align: right;\"><a href=\"http:\/\/www.jeromejunod.ch\/wordpress\/wp-content\/uploads\/2018\/08\/Am-Vorabend-837-c-Barbara-Palffy.jpg\"><img loading=\"lazy\" decoding=\"async\" class=\"size-large wp-image-1649 aligncenter\" src=\"http:\/\/www.jeromejunod.ch\/wordpress\/wp-content\/uploads\/2018\/08\/Am-Vorabend-837-c-Barbara-Palffy-1024x682.jpg\" alt=\"\" width=\"604\" height=\"402\" srcset=\"http:\/\/www.jeromejunod.ch\/wordpress\/wp-content\/uploads\/2018\/08\/Am-Vorabend-837-c-Barbara-Palffy-1024x682.jpg 1024w, http:\/\/www.jeromejunod.ch\/wordpress\/wp-content\/uploads\/2018\/08\/Am-Vorabend-837-c-Barbara-Palffy-300x200.jpg 300w, http:\/\/www.jeromejunod.ch\/wordpress\/wp-content\/uploads\/2018\/08\/Am-Vorabend-837-c-Barbara-Palffy-768x512.jpg 768w, http:\/\/www.jeromejunod.ch\/wordpress\/wp-content\/uploads\/2018\/08\/Am-Vorabend-837-c-Barbara-Palffy.jpg 1280w\" sizes=\"auto, (max-width: 604px) 100vw, 604px\" \/><\/a>(Fotos Barbara P\u00e1lffy)<\/p>\n","protected":false},"excerpt":{"rendered":"<p>von Theodora Bauer Felix Kainmann: Daniel F. KAMEN Inspektor Brigl: Martin SCHWANDA Katharina: Petra STADUAN Gr\u00e4fin Carn\u00e9-Teguski: Doina WEBER B\u00fchne: Lydia HOFMANN Kost\u00fcme: Antoaneta STEREVA Musik: Christian MAIR Licht: Lukas KALTENB\u00c4CK Assistenz: Marie-Therese HANDLE-PFEIFFER Premiere am 9. August 2018, Thalhof Wortwiege, Reichenau an der Rax &nbsp; (Fotos Barbara P\u00e1lffy)<\/p>\n","protected":false},"author":1,"featured_media":0,"parent":2,"menu_order":22,"comment_status":"closed","ping_status":"closed","template":"","meta":{"footnotes":""},"class_list":["post-1647","page","type-page","status-publish","hentry"],"_links":{"self":[{"href":"http:\/\/www.jeromejunod.ch\/index.php?rest_route=\/wp\/v2\/pages\/1647","targetHints":{"allow":["GET"]}}],"collection":[{"href":"http:\/\/www.jeromejunod.ch\/index.php?rest_route=\/wp\/v2\/pages"}],"about":[{"href":"http:\/\/www.jeromejunod.ch\/index.php?rest_route=\/wp\/v2\/types\/page"}],"author":[{"embeddable":true,"href":"http:\/\/www.jeromejunod.ch\/index.php?rest_route=\/wp\/v2\/users\/1"}],"replies":[{"embeddable":true,"href":"http:\/\/www.jeromejunod.ch\/index.php?rest_route=%2Fwp%2Fv2%2Fcomments&post=1647"}],"version-history":[{"count":12,"href":"http:\/\/www.jeromejunod.ch\/index.php?rest_route=\/wp\/v2\/pages\/1647\/revisions"}],"predecessor-version":[{"id":1694,"href":"http:\/\/www.jeromejunod.ch\/index.php?rest_route=\/wp\/v2\/pages\/1647\/revisions\/1694"}],"up":[{"embeddable":true,"href":"http:\/\/www.jeromejunod.ch\/index.php?rest_route=\/wp\/v2\/pages\/2"}],"wp:attachment":[{"href":"http:\/\/www.jeromejunod.ch\/index.php?rest_route=%2Fwp%2Fv2%2Fmedia&parent=1647"}],"curies":[{"name":"wp","href":"https:\/\/api.w.org\/{rel}","templated":true}]}}

<p>von Theodora Bauer</p>
<p><em>Felix Kainmann</em>: Daniel F. KAMEN<br />
<em>Inspektor Brigl</em>: Martin SCHWANDA<br />
<em>Katharina</em>: Petra STADUAN<br />
<em>Gräfin Carné-Teguski</em>: Doina WEBER</p>
<p><em>Bühne</em>: Lydia HOFMANN<br />
<em>Kostüme</em>: Antoaneta STEREVA<br />
<em>Musik</em>: Christian MAIR<br />
<em>Licht</em>: Lukas KALTENBÄCK<br />
<em>Assistenz</em>: Marie-Therese HANDLE-PFEIFFER</p>
<p>Premiere am 9. August 2018, Thalhof Wortwiege, Reichenau an der Rax</p>
<p>&nbsp;</p>
<p><a href="http://www.jeromejunod.ch/wordpress/wp-content/uploads/2018/08/Am-Vorabend-461-c-Barbara-Palffy.jpg"><img loading="lazy" decoding="async" class="size-large wp-image-1650" src="http://www.jeromejunod.ch/wordpress/wp-content/uploads/2018/08/Am-Vorabend-461-c-Barbara-Palffy-1024x682.jpg" alt="" width="604" height="402" srcset="http://www.jeromejunod.ch/wordpress/wp-content/uploads/2018/08/Am-Vorabend-461-c-Barbara-Palffy-1024x682.jpg 1024w, http://www.jeromejunod.ch/wordpress/wp-content/uploads/2018/08/Am-Vorabend-461-c-Barbara-Palffy-300x200.jpg 300w, http://www.jeromejunod.ch/wordpress/wp-content/uploads/2018/08/Am-Vorabend-461-c-Barbara-Palffy-768x512.jpg 768w, http://www.jeromejunod.ch/wordpress/wp-content/uploads/2018/08/Am-Vorabend-461-c-Barbara-Palffy.jpg 1280w" sizes="auto, (max-width: 604px) 100vw, 604px" /></a></p>
<p><a href="http://www.jeromejunod.ch/wordpress/wp-content/uploads/2018/08/Am-Vorabend-514-c-Barbara-Palffy.jpg"><img loading="lazy" decoding="async" class="size-large wp-image-1654" src="http://www.jeromejunod.ch/wordpress/wp-content/uploads/2018/08/Am-Vorabend-514-c-Barbara-Palffy-1024x682.jpg" alt="" width="604" height="402" srcset="http://www.jeromejunod.ch/wordpress/wp-content/uploads/2018/08/Am-Vorabend-514-c-Barbara-Palffy-1024x682.jpg 1024w, http://www.jeromejunod.ch/wordpress/wp-content/uploads/2018/08/Am-Vorabend-514-c-Barbara-Palffy-300x200.jpg 300w, http://www.jeromejunod.ch/wordpress/wp-content/uploads/2018/08/Am-Vorabend-514-c-Barbara-Palffy-768x512.jpg 768w, http://www.jeromejunod.ch/wordpress/wp-content/uploads/2018/08/Am-Vorabend-514-c-Barbara-Palffy.jpg 1280w" sizes="auto, (max-width: 604px) 100vw, 604px" /></a></p>
<p><a href="http://www.jeromejunod.ch/wordpress/wp-content/uploads/2018/08/Am-Vorabend-776-c-Barbara-Palffy.jpg"><img loading="lazy" decoding="async" class="size-large wp-image-1652" src="http://www.jeromejunod.ch/wordpress/wp-content/uploads/2018/08/Am-Vorabend-776-c-Barbara-Palffy-1024x682.jpg" alt="" width="604" height="402" srcset="http://www.jeromejunod.ch/wordpress/wp-content/uploads/2018/08/Am-Vorabend-776-c-Barbara-Palffy-1024x682.jpg 1024w, http://www.jeromejunod.ch/wordpress/wp-content/uploads/2018/08/Am-Vorabend-776-c-Barbara-Palffy-300x200.jpg 300w, http://www.jeromejunod.ch/wordpress/wp-content/uploads/2018/08/Am-Vorabend-776-c-Barbara-Palffy-768x512.jpg 768w, http://www.jeromejunod.ch/wordpress/wp-content/uploads/2018/08/Am-Vorabend-776-c-Barbara-Palffy.jpg 1280w" sizes="auto, (max-width: 604px) 100vw, 604px" /></a></p>
<p style="text-align: right;"><a href="http://www.jeromejunod.ch/wordpress/wp-content/uploads/2018/08/Am-Vorabend-837-c-Barbara-Palffy.jpg"><img loading="lazy" decoding="async" class="size-large wp-image-1649 aligncenter" src="http://www.jeromejunod.ch/wordpress/wp-content/uploads/2018/08/Am-Vorabend-837-c-Barbara-Palffy-1024x682.jpg" alt="" width="604" height="402" srcset="http://www.jeromejunod.ch/wordpress/wp-content/uploads/2018/08/Am-Vorabend-837-c-Barbara-Palffy-1024x682.jpg 1024w, http://www.jeromejunod.ch/wordpress/wp-content/uploads/2018/08/Am-Vorabend-837-c-Barbara-Palffy-300x200.jpg 300w, http://www.jeromejunod.ch/wordpress/wp-content/uploads/2018/08/Am-Vorabend-837-c-Barbara-Palffy-768x512.jpg 768w, http://www.jeromejunod.ch/wordpress/wp-content/uploads/2018/08/Am-Vorabend-837-c-Barbara-Palffy.jpg 1280w" sizes="auto, (max-width: 604px) 100vw, 604px" /></a>(Fotos Barbara Pálffy)</p>

<p>von Theodora Bauer Felix Kainmann: Daniel F. KAMEN Inspektor Brigl: Martin SCHWANDA Katharina: Petra STADUAN Gräfin Carné-Teguski: Doina WEBER Bühne: Lydia HOFMANN Kostüme: Antoaneta STEREVA Musik: Christian MAIR Licht: Lukas KALTENBÄCK Assistenz: Marie-Therese HANDLE-PFEIFFER Premiere am 9. August 2018, Thalhof Wortwiege, Reichenau an der Rax &nbsp; (Fotos Barbara Pálffy)</p>
