{"id":1555,"date":"2018-05-09T09:42:03","date_gmt":"2018-05-09T09:42:03","guid":{"rendered":"http:\/\/www.jeromejunod.ch\/?page_id=1555"},"modified":"2021-09-19T18:08:12","modified_gmt":"2021-09-19T18:08:12","slug":"tell","status":"publish","type":"page","link":"http:\/\/www.jeromejunod.ch\/?page_id=1555","title":{"rendered":"Tell"},"content":{"rendered":"<p>von Daniela Janjic nach Friedrich Schiller<\/p>\n<p><em>Hermann Gessler<\/em>: G\u00fcnter BAUMANN<br \/>\n<em>La Swissness<\/em>: Emilia CATALFAMO<em><br \/>\nWilhelm Tell<\/em>: Vincent FONTANNAZ<br \/>\n<em>Attinghausen<\/em>: Barbara GRIMM<br \/>\n<em>Arnold von Melchtal<\/em>: TOM KRAMER<em><br \/>\n<\/em><em>Walter F\u00fcrst<\/em>: Jens Ole SCHMIEDER<br \/>\n<em>Ulrike von Rudenz<\/em>: Tatjana SEBBEN<br \/>\n<em>Hedwig Tell: <\/em>Atina TAB\u00c9<br \/>\n<em>Berthold von Bruneck<\/em>: Rapha\u00ebl Olivier TSCHUDI<\/p>\n<p><em>Chor \/ Eidgenossen \/ Damen von Attinghausen \/ Gessler-Truppe<\/em>: Vera BOLLIGER, Nadine BOURBAN, Manuel DJUROVIC, Pajtime DODAJ, Beqir FETAHI, Fabiola FILLIPOPULOS, Fiona FANKHAUSER, Heston GRABER, Asso HUSSEINI, Martina INNIGER, Melani KOSTADINOVA, Antonia LAUBSCHER, Gino ROESSELET, Eva SCHNEIDER, Aline SCH\u00dcPBACH, Paul WONGPRAKON &amp; Jessica WOODTLI<\/p>\n<p><em>B\u00fchne\/Sc\u00e9nographie<\/em>: Nathalie LUTZ<br \/>\n<em>Kost\u00fcme\/Costumes<\/em>: Anna VON ZERBONI<br \/>\n<em>Licht\/Lumi\u00e8res: <\/em>Tino LANGMANN<br \/>\n<em>Assistenz\/Assistanat<\/em>: Luca VINCENZI<br \/>\n<em>Hospitanz\/Stagiaire<\/em>: Nora MARITZ<br \/>\n<em>Dramaturgie<\/em>: Margrit SENGEBUSCH<br \/>\n<em>Produktion\/Production<\/em>: Franziska RUOSS<br \/>\n<em>Coaching der jungen Erwachsenen\/Coaching des jeunes adultes:<\/em> Isabelle FREYMOND<br \/>\n<em>Choreographisches Coaching\/Coaching chor\u00e9graphique<\/em>: Marc &#8220;Slim&#8221; UGOLINI<br \/>\n<em>Musikalisches Coaching\/Coaching musical<\/em>: Christoph BRUNNER<\/p>\n<p>Premiere am 9. Mai 2018, Theater Biel Solothurn<\/p>\n<p><a href=\"https:\/\/www.arttv.ch\/buehne\/theater-orchester-biel-solothurn-tell\/\" target=\"_blank\" rel=\"noopener\">Trailer<\/a><\/p>\n<p><a href=\"http:\/\/www.jeromejunod.ch\/wordpress\/wp-content\/uploads\/2018\/05\/JST_6487.jpg\"><img loading=\"lazy\" decoding=\"async\" class=\"aligncenter size-large wp-image-1567\" src=\"http:\/\/www.jeromejunod.ch\/wordpress\/wp-content\/uploads\/2018\/05\/JST_6487-1024x683.jpg\" alt=\"\" width=\"604\" height=\"403\" srcset=\"http:\/\/www.jeromejunod.ch\/wordpress\/wp-content\/uploads\/2018\/05\/JST_6487-1024x683.jpg 1024w, http:\/\/www.jeromejunod.ch\/wordpress\/wp-content\/uploads\/2018\/05\/JST_6487-300x200.jpg 300w, http:\/\/www.jeromejunod.ch\/wordpress\/wp-content\/uploads\/2018\/05\/JST_6487-768x512.jpg 768w, http:\/\/www.jeromejunod.ch\/wordpress\/wp-content\/uploads\/2018\/05\/JST_6487-1320x880.jpg 1320w\" sizes=\"auto, (max-width: 604px) 100vw, 604px\" \/><\/a><\/p>\n<p><a href=\"http:\/\/www.jeromejunod.ch\/wordpress\/wp-content\/uploads\/2018\/05\/JST_6713.jpg\"><img loading=\"lazy\" decoding=\"async\" class=\"aligncenter size-large wp-image-1563\" src=\"http:\/\/www.jeromejunod.ch\/wordpress\/wp-content\/uploads\/2018\/05\/JST_6713-1024x683.jpg\" alt=\"\" width=\"604\" height=\"403\" srcset=\"http:\/\/www.jeromejunod.ch\/wordpress\/wp-content\/uploads\/2018\/05\/JST_6713-1024x683.jpg 1024w, http:\/\/www.jeromejunod.ch\/wordpress\/wp-content\/uploads\/2018\/05\/JST_6713-300x200.jpg 300w, http:\/\/www.jeromejunod.ch\/wordpress\/wp-content\/uploads\/2018\/05\/JST_6713-768x512.jpg 768w, http:\/\/www.jeromejunod.ch\/wordpress\/wp-content\/uploads\/2018\/05\/JST_6713-1320x880.jpg 1320w\" sizes=\"auto, (max-width: 604px) 100vw, 604px\" \/><br \/>\n<\/a> <a href=\"http:\/\/www.jeromejunod.ch\/wordpress\/wp-content\/uploads\/2018\/05\/JST_6848.jpg\"><img loading=\"lazy\" decoding=\"async\" class=\"aligncenter size-large wp-image-1562\" src=\"http:\/\/www.jeromejunod.ch\/wordpress\/wp-content\/uploads\/2018\/05\/JST_6848-1024x683.jpg\" alt=\"\" width=\"604\" height=\"403\" srcset=\"http:\/\/www.jeromejunod.ch\/wordpress\/wp-content\/uploads\/2018\/05\/JST_6848-1024x683.jpg 1024w, http:\/\/www.jeromejunod.ch\/wordpress\/wp-content\/uploads\/2018\/05\/JST_6848-300x200.jpg 300w, http:\/\/www.jeromejunod.ch\/wordpress\/wp-content\/uploads\/2018\/05\/JST_6848-768x512.jpg 768w, http:\/\/www.jeromejunod.ch\/wordpress\/wp-content\/uploads\/2018\/05\/JST_6848-1320x880.jpg 1320w\" sizes=\"auto, (max-width: 604px) 100vw, 604px\" \/><br \/>\n<\/a> <a href=\"http:\/\/www.jeromejunod.ch\/wordpress\/wp-content\/uploads\/2018\/05\/JST_6988.jpg\"><img loading=\"lazy\" decoding=\"async\" class=\"aligncenter size-large wp-image-1561\" src=\"http:\/\/www.jeromejunod.ch\/wordpress\/wp-content\/uploads\/2018\/05\/JST_6988-1024x683.jpg\" alt=\"\" width=\"604\" height=\"403\" srcset=\"http:\/\/www.jeromejunod.ch\/wordpress\/wp-content\/uploads\/2018\/05\/JST_6988-1024x683.jpg 1024w, http:\/\/www.jeromejunod.ch\/wordpress\/wp-content\/uploads\/2018\/05\/JST_6988-300x200.jpg 300w, http:\/\/www.jeromejunod.ch\/wordpress\/wp-content\/uploads\/2018\/05\/JST_6988-768x512.jpg 768w, http:\/\/www.jeromejunod.ch\/wordpress\/wp-content\/uploads\/2018\/05\/JST_6988-1320x880.jpg 1320w\" sizes=\"auto, (max-width: 604px) 100vw, 604px\" \/><br \/>\n<\/a> <a href=\"http:\/\/www.jeromejunod.ch\/wordpress\/wp-content\/uploads\/2018\/05\/JST_7133.jpg\"><img loading=\"lazy\" decoding=\"async\" class=\"aligncenter size-large wp-image-1560\" src=\"http:\/\/www.jeromejunod.ch\/wordpress\/wp-content\/uploads\/2018\/05\/JST_7133-1024x683.jpg\" alt=\"\" width=\"604\" height=\"403\" srcset=\"http:\/\/www.jeromejunod.ch\/wordpress\/wp-content\/uploads\/2018\/05\/JST_7133-1024x683.jpg 1024w, http:\/\/www.jeromejunod.ch\/wordpress\/wp-content\/uploads\/2018\/05\/JST_7133-300x200.jpg 300w, http:\/\/www.jeromejunod.ch\/wordpress\/wp-content\/uploads\/2018\/05\/JST_7133-768x512.jpg 768w, http:\/\/www.jeromejunod.ch\/wordpress\/wp-content\/uploads\/2018\/05\/JST_7133-1320x880.jpg 1320w\" sizes=\"auto, (max-width: 604px) 100vw, 604px\" \/><\/a><\/p>\n<p>&nbsp;<\/p>\n<p style=\"text-align: right;\">(Fotos Joel Schweizer\/ TOBS)<\/p>\n","protected":false},"excerpt":{"rendered":"<p>von Daniela Janjic nach Friedrich Schiller Hermann Gessler: G\u00fcnter BAUMANN La Swissness: Emilia CATALFAMO Wilhelm Tell: Vincent FONTANNAZ Attinghausen: Barbara GRIMM Arnold von Melchtal: TOM KRAMER Walter F\u00fcrst: Jens Ole SCHMIEDER Ulrike von Rudenz: Tatjana SEBBEN Hedwig Tell: Atina TAB\u00c9 Berthold von Bruneck: Rapha\u00ebl Olivier TSCHUDI Chor \/ Eidgenossen \/ Damen von Attinghausen \/ Gessler-Truppe: [&hellip;]<\/p>\n","protected":false},"author":1,"featured_media":0,"parent":2,"menu_order":23,"comment_status":"closed","ping_status":"closed","template":"","meta":{"footnotes":""},"class_list":["post-1555","page","type-page","status-publish","hentry"],"_links":{"self":[{"href":"http:\/\/www.jeromejunod.ch\/index.php?rest_route=\/wp\/v2\/pages\/1555","targetHints":{"allow":["GET"]}}],"collection":[{"href":"http:\/\/www.jeromejunod.ch\/index.php?rest_route=\/wp\/v2\/pages"}],"about":[{"href":"http:\/\/www.jeromejunod.ch\/index.php?rest_route=\/wp\/v2\/types\/page"}],"author":[{"embeddable":true,"href":"http:\/\/www.jeromejunod.ch\/index.php?rest_route=\/wp\/v2\/users\/1"}],"replies":[{"embeddable":true,"href":"http:\/\/www.jeromejunod.ch\/index.php?rest_route=%2Fwp%2Fv2%2Fcomments&post=1555"}],"version-history":[{"count":5,"href":"http:\/\/www.jeromejunod.ch\/index.php?rest_route=\/wp\/v2\/pages\/1555\/revisions"}],"predecessor-version":[{"id":1613,"href":"http:\/\/www.jeromejunod.ch\/index.php?rest_route=\/wp\/v2\/pages\/1555\/revisions\/1613"}],"up":[{"embeddable":true,"href":"http:\/\/www.jeromejunod.ch\/index.php?rest_route=\/wp\/v2\/pages\/2"}],"wp:attachment":[{"href":"http:\/\/www.jeromejunod.ch\/index.php?rest_route=%2Fwp%2Fv2%2Fmedia&parent=1555"}],"curies":[{"name":"wp","href":"https:\/\/api.w.org\/{rel}","templated":true}]}}

<p>von Daniela Janjic nach Friedrich Schiller</p>
<p><em>Hermann Gessler</em>: Günter BAUMANN<br />
<em>La Swissness</em>: Emilia CATALFAMO<em><br />
Wilhelm Tell</em>: Vincent FONTANNAZ<br />
<em>Attinghausen</em>: Barbara GRIMM<br />
<em>Arnold von Melchtal</em>: TOM KRAMER<em><br />
</em><em>Walter Fürst</em>: Jens Ole SCHMIEDER<br />
<em>Ulrike von Rudenz</em>: Tatjana SEBBEN<br />
<em>Hedwig Tell: </em>Atina TABÉ<br />
<em>Berthold von Bruneck</em>: Raphaël Olivier TSCHUDI</p>
<p><em>Chor / Eidgenossen / Damen von Attinghausen / Gessler-Truppe</em>: Vera BOLLIGER, Nadine BOURBAN, Manuel DJUROVIC, Pajtime DODAJ, Beqir FETAHI, Fabiola FILLIPOPULOS, Fiona FANKHAUSER, Heston GRABER, Asso HUSSEINI, Martina INNIGER, Melani KOSTADINOVA, Antonia LAUBSCHER, Gino ROESSELET, Eva SCHNEIDER, Aline SCHÜPBACH, Paul WONGPRAKON &amp; Jessica WOODTLI</p>
<p><em>Bühne/Scénographie</em>: Nathalie LUTZ<br />
<em>Kostüme/Costumes</em>: Anna VON ZERBONI<br />
<em>Licht/Lumières: </em>Tino LANGMANN<br />
<em>Assistenz/Assistanat</em>: Luca VINCENZI<br />
<em>Hospitanz/Stagiaire</em>: Nora MARITZ<br />
<em>Dramaturgie</em>: Margrit SENGEBUSCH<br />
<em>Produktion/Production</em>: Franziska RUOSS<br />
<em>Coaching der jungen Erwachsenen/Coaching des jeunes adultes:</em> Isabelle FREYMOND<br />
<em>Choreographisches Coaching/Coaching chorégraphique</em>: Marc &#8220;Slim&#8221; UGOLINI<br />
<em>Musikalisches Coaching/Coaching musical</em>: Christoph BRUNNER</p>
<p>Premiere am 9. Mai 2018, Theater Biel Solothurn</p>
<p><a href="https://www.arttv.ch/buehne/theater-orchester-biel-solothurn-tell/" target="_blank" rel="noopener">Trailer</a></p>
<p><a href="http://www.jeromejunod.ch/wordpress/wp-content/uploads/2018/05/JST_6487.jpg"><img loading="lazy" decoding="async" class="aligncenter size-large wp-image-1567" src="http://www.jeromejunod.ch/wordpress/wp-content/uploads/2018/05/JST_6487-1024x683.jpg" alt="" width="604" height="403" srcset="http://www.jeromejunod.ch/wordpress/wp-content/uploads/2018/05/JST_6487-1024x683.jpg 1024w, http://www.jeromejunod.ch/wordpress/wp-content/uploads/2018/05/JST_6487-300x200.jpg 300w, http://www.jeromejunod.ch/wordpress/wp-content/uploads/2018/05/JST_6487-768x512.jpg 768w, http://www.jeromejunod.ch/wordpress/wp-content/uploads/2018/05/JST_6487-1320x880.jpg 1320w" sizes="auto, (max-width: 604px) 100vw, 604px" /></a></p>
<p><a href="http://www.jeromejunod.ch/wordpress/wp-content/uploads/2018/05/JST_6713.jpg"><img loading="lazy" decoding="async" class="aligncenter size-large wp-image-1563" src="http://www.jeromejunod.ch/wordpress/wp-content/uploads/2018/05/JST_6713-1024x683.jpg" alt="" width="604" height="403" srcset="http://www.jeromejunod.ch/wordpress/wp-content/uploads/2018/05/JST_6713-1024x683.jpg 1024w, http://www.jeromejunod.ch/wordpress/wp-content/uploads/2018/05/JST_6713-300x200.jpg 300w, http://www.jeromejunod.ch/wordpress/wp-content/uploads/2018/05/JST_6713-768x512.jpg 768w, http://www.jeromejunod.ch/wordpress/wp-content/uploads/2018/05/JST_6713-1320x880.jpg 1320w" sizes="auto, (max-width: 604px) 100vw, 604px" /><br />
</a> <a href="http://www.jeromejunod.ch/wordpress/wp-content/uploads/2018/05/JST_6848.jpg"><img loading="lazy" decoding="async" class="aligncenter size-large wp-image-1562" src="http://www.jeromejunod.ch/wordpress/wp-content/uploads/2018/05/JST_6848-1024x683.jpg" alt="" width="604" height="403" srcset="http://www.jeromejunod.ch/wordpress/wp-content/uploads/2018/05/JST_6848-1024x683.jpg 1024w, http://www.jeromejunod.ch/wordpress/wp-content/uploads/2018/05/JST_6848-300x200.jpg 300w, http://www.jeromejunod.ch/wordpress/wp-content/uploads/2018/05/JST_6848-768x512.jpg 768w, http://www.jeromejunod.ch/wordpress/wp-content/uploads/2018/05/JST_6848-1320x880.jpg 1320w" sizes="auto, (max-width: 604px) 100vw, 604px" /><br />
</a> <a href="http://www.jeromejunod.ch/wordpress/wp-content/uploads/2018/05/JST_6988.jpg"><img loading="lazy" decoding="async" class="aligncenter size-large wp-image-1561" src="http://www.jeromejunod.ch/wordpress/wp-content/uploads/2018/05/JST_6988-1024x683.jpg" alt="" width="604" height="403" srcset="http://www.jeromejunod.ch/wordpress/wp-content/uploads/2018/05/JST_6988-1024x683.jpg 1024w, http://www.jeromejunod.ch/wordpress/wp-content/uploads/2018/05/JST_6988-300x200.jpg 300w, http://www.jeromejunod.ch/wordpress/wp-content/uploads/2018/05/JST_6988-768x512.jpg 768w, http://www.jeromejunod.ch/wordpress/wp-content/uploads/2018/05/JST_6988-1320x880.jpg 1320w" sizes="auto, (max-width: 604px) 100vw, 604px" /><br />
</a> <a href="http://www.jeromejunod.ch/wordpress/wp-content/uploads/2018/05/JST_7133.jpg"><img loading="lazy" decoding="async" class="aligncenter size-large wp-image-1560" src="http://www.jeromejunod.ch/wordpress/wp-content/uploads/2018/05/JST_7133-1024x683.jpg" alt="" width="604" height="403" srcset="http://www.jeromejunod.ch/wordpress/wp-content/uploads/2018/05/JST_7133-1024x683.jpg 1024w, http://www.jeromejunod.ch/wordpress/wp-content/uploads/2018/05/JST_7133-300x200.jpg 300w, http://www.jeromejunod.ch/wordpress/wp-content/uploads/2018/05/JST_7133-768x512.jpg 768w, http://www.jeromejunod.ch/wordpress/wp-content/uploads/2018/05/JST_7133-1320x880.jpg 1320w" sizes="auto, (max-width: 604px) 100vw, 604px" /></a></p>
<p>&nbsp;</p>
<p style="text-align: right;">(Fotos Joel Schweizer/ TOBS)</p>

<p>von Daniela Janjic nach Friedrich Schiller Hermann Gessler: Günter BAUMANN La Swissness: Emilia CATALFAMO Wilhelm Tell: Vincent FONTANNAZ Attinghausen: Barbara GRIMM Arnold von Melchtal: TOM KRAMER Walter Fürst: Jens Ole SCHMIEDER Ulrike von Rudenz: Tatjana SEBBEN Hedwig Tell: Atina TABÉ Berthold von Bruneck: Raphaël Olivier TSCHUDI Chor / Eidgenossen / Damen von Attinghausen / Gessler-Truppe: [&hellip;]</p>
